/1. Let c be (n + -2)*(-2)/(-4). Is m(c) composite?
True
Let s = -16 - -22. Is 2*((-6783)/s)/(-7) a prime number?
False
Suppose -4*y = 26 - 254. Suppose -q = -5*o + y, 3*o + 19 = -q - 14. Let h = q + 61. Is h a prime number?
True
Suppose -8 = -2*b - 2*b. Let q be (b - (0 + 0))*19. Suppose 3*y = 4*y - q. Is y a prime number?
False
Let r = -1 + 1. Suppose 4*c + r*c = 0. Suppose -3*h = -c*h - 159. Is h composite?
False
Let o = -11 - -19. Let n = -6 + o. Let q(y) = 3*y**3 + 1. Is q(n) composite?
True
Suppose 0*k = 2*k + 4. Let h be 5/((-5)/k)*-2. Let x(s) = -7*s + 3. Is x(h) a prime number?
True
Let s be (-50)/(-18) + 6/27. Suppose p = -s*p. Suppose p = -m - m + 38. Is m prime?
True
Let p(z) = 4*z**3 + 13*z**2 - 10*z. Let v = -5 + -1. Let u(l) = -5*l**3 - 14*l**2 + 11*l. Let w(i) = v*u(i) - 7*p(i). Is w(7) composite?
True
Suppose o + 3*o = -x - 40, x = -o - 13. Let f(y) = -3 + 4*y + y**2 + 0*y**2 - 7. Is f(o) a composite number?
True
Let t = 0 - -9. Suppose -34 = 5*m - t. Let b = m + 16. Is b prime?
True
Suppose -188 = p + 3*p. Is 2/7 - p/7 a composite number?
False
Let u = 169 - 78. Is u a composite number?
True
Let p be (-28)/8 + (-1)/2. Let v = 23 + p. Is v a prime number?
True
Suppose -10*c = -5*c - 1075. Is c a prime number?
False
Suppose 2*v + 8 = -b - 3*v, 0 = -v - 2. Suppose -b*d + 5*d = 207. Is d a composite number?
True
Suppose 10*d - 19*d = -80451. Is d a composite number?
True
Suppose -16 = -3*m + 2. Suppose -4*f = -4*v + 76, -2*v + 29 = -m*f + f. Is v prime?
False
Suppose -2*q + 6628 = 4*m - 0*q, 3*m + q - 4971 = 0. Is m a prime number?
True
Let x be 5 - 827 - (-5 + 2). Let v = -526 - x. Is v a prime number?
True
Is (3 - 1)*1127/14 prime?
False
Let f(h) = 6*h**3 - 12*h**2 + 24*h - 1. Is f(7) composite?
False
Let y = -2 - 1. Let a(o) = -105*o + 2. Is a(y) a composite number?
False
Let v(q) = -6*q - 3. Let g(i) = -5*i - 2. Let x(o) = -4*g(o) + 5*v(o). Is x(-6) composite?
False
Suppose -14*q = -9*q - 165. Is q a composite number?
True
Let k(d) be the first derivative of -d**3/3 - d**2/2 + 293*d + 1. Is k(0) composite?
False
Suppose 1459 + 2665 = 3*m - 4*y, -3*m = 4*y - 4156. Let d = m - 923. Suppose -5*w + 4*g = -d, 3*w + 368 = 7*w - 4*g. Is w a composite number?
False
Let c(d) = -3*d**2 + d - 2. Let a be c(2). Is 52*3/a*-3 composite?
True
Let t(d) = 20*d + 23. Is t(10) prime?
True
Is (-1543)/(8 - 5 - 4) a composite number?
False
Let s = 5 + -4. Let i be ((-20)/6)/(s/15). Let m = -29 - i. Is m prime?
False
Suppose -7*o + 10598 - 2779 = 0. Is o a composite number?
False
Let t = 275 + -131. Let a be 6/9 + 256/3. Let u = t - a. Is u a composite number?
True
Let t(c) = 43*c - 4. Let b(l) = 44*l - 5. Let v(a) = 5*b(a) - 6*t(a). Let q = -21 - -18. Is v(q) a composite number?
False
Let m = -2026 + 2861. Is m prime?
False
Suppose -137 = -k + 186. Let y = 122 + k. Is y prime?
False
Let g(f) = 7*f - 3. Let u be g(2). Let q = u + 10. Is q prime?
False
Let b = 1699 - 218. Is b prime?
True
Suppose 4*n = 21 + 11. Is -2*-1*724/n a prime number?
True
Suppose -3*f + 158 - 794 = 0. Suppose 5*i = 2*j + 254, 2*j + 254 = -i - 0*i. Let u = j - f. Is u a prime number?
False
Suppose -2*u = -254 - 192. Is u composite?
False
Let l = 21 - -12. Suppose -2*d - l = 35. Let w = 56 + d. Is w a composite number?
True
Let u = -3 + 7. Suppose 7*a = 4*s + u*a - 20, -s - 5*a = 18. Suppose -s*m - 5*j + 134 = 0, 2*m - 219 = -m - 3*j. Is m prime?
False
Suppose -5*m = -5, 3*m + 8 = 2*z - 7. Let r = -2 - -2. Suppose j - 5*n - 33 = 0, r = 2*j - 4*n - 33 - z. Is j a prime number?
True
Suppose 4*g + 3 = 3*q, 0 = -5*g + 4*q - 4 - 0. Suppose g*i - 5*b = 2*i - 554, 5*b + 1455 = 5*i. Is i prime?
False
Let c = 402 + 41. Is c composite?
False
Suppose -88 = -6*d + 2*d. Let w = d - 3. Is w composite?
False
Let w(k) = k**3 - 9*k**2 - 3*k - 5. Suppose 0 = -5*b + 15, -28 = -3*i + 3*b - 7. Is w(i) prime?
False
Let k(a) = -9*a + 2*a - a**2 - 3*a - 10. Let t be 2 - (8 - (1 - 2)). Is k(t) a prime number?
True
Let w(n) = 5*n**2 + n. Let p be w(-1). Suppose -20 = -5*j - 4*q, p*j = 3*j - 2*q + 10. Let r = 15 + j. Is r composite?
True
Suppose -3*w + 4 + 20 = 3*i, 10 = -5*w + 5*i. Suppose b = g + w*b - 67, 4*g + 4*b = 288. Let p = g - 38. Is p a prime number?
False
Let q = 84 - -35. Is q prime?
False
Let u = -949 + 1524. Suppose 2*q = -3*q + u. Is q composite?
True
Let w(t) = t**2 - 11*t + 10. Let z be w(9). Is ((-82)/3)/(z/24) composite?
True
Let d(o) = 5*o - 6. Let s be d(5). Let c(x) = x**3 - 6*x**2 + 7*x - 5. Let l be c(5). Suppose -96 = -l*j + s. Is j a prime number?
True
Let f(z) = 22*z. Is f(1) prime?
False
Let s = 7 - 5. Suppose b + s*b = 222. Suppose -b = -2*p - 0*p. Is p composite?
False
Is 529/1 - 20/5*-1 prime?
False
Let j = -63 - -204. Is j a composite number?
True
Suppose 2*u - 254 = 4*m - 0*u, -191 = 3*m - u. Let o = 86 - m. Suppose -5*w + o = 45. Is w prime?
False
Suppose -3*c = -3*b - b + 75, -4*b - c + 55 = 0. Is b a composite number?
True
Let t = 17 - 15. Is t + 5/(5/69) prime?
True
Let u be 268/6 - 8/12. Suppose u = -2*h + 6*h. Suppose 24 = o - h. Is o a composite number?
True
Suppose 8*n - 3*n = 10. Suppose n*p - p = 217. Is p a prime number?
False
Is (1 - 3)/(2/(-87)) prime?
False
Suppose 6*r - 1895 = r. Is r prime?
True
Let o = -28 + 49. Let x be (o/(-9))/(2/6). Let n(f) = -f**3 - 2*f**2 + 6. Is n(x) a composite number?
False
Let b(g) = 2*g**2 - 14*g + 13. Suppose -2*f = -4*d, d = f - 0*d - 2. Suppose -2*l - 2*r = -18, -4*l - 2*r + f = -32. Is b(l) a prime number?
False
Suppose -g + 2*h - 7*h = -4, -5*h + 8 = -3*g. Let t be (-8)/g - (2 + 0). Let k = 49 - t. Is k a composite number?
False
Let g(l) = 7*l**3 - l**2 - 4*l + 1. Let t be 1/((3/(-4))/(-3)). Is g(t) a prime number?
False
Suppose 0 = -3*c - r - 3, 5*r + 4 - 7 = 3*c. Is (6 + c)/((-1)/(-17)) prime?
False
Let m = 538 - 214. Suppose 4*w = -8 + m. Is w composite?
False
Suppose -5*p - 17 = 18. Let b(j) = -j**2 - 10*j - 7. Is b(p) composite?
True
Let w be (-2)/(-4)*-2 + 649. Suppose 5*n - 4*g = -7*g + w, 5*g - 650 = -5*n. Is n composite?
True
Let l(f) = -f + 5. Let d be l(3). Let o = 106 - -4. Is (d + o/(-6))*-3 prime?
False
Let u = -1 - -7. Suppose -u*i + 3*i - 3*z = -486, -i - 3*z = -172. Is i prime?
True
Let r = 10 - 20. Let b be 4/r - (-6)/15. Suppose 4*a - 156 - 184 = b. Is a a composite number?
True
Let c(h) = -9*h**2 - 5. Let v(r) = 1. Let u(t) = -c(t) - v(t). Is u(3) prime?
False
Is (5 - 732)*(-2)/(-2)*-3 composite?
True
Let d be 0 + -1 - 1 - -6. Let f = -6 + d. Let w(h) = -h**3 + 2*h**2 + h + 1. Is w(f) a prime number?
False
Let g(d) be the third derivative of 7*d**4/24 - d**3/6 + d**2. Is g(1) composite?
True
Suppose 0 = -j + 171 + 254. Suppose 0 = -g, 0*g - g = t - j. Suppose 0 = 2*r - 4*y - 162, r - 5*y = -4*r + t. Is r a prime number?
True
Let m(a) = -a**2 + 3*a + 1. Let t be m(4). Is 95 + t + -2 + 1 prime?
False
Let g = 1724 + -1101. Is g composite?
True
Suppose 4 + 5 = 3*l. Suppose 0*p = l*p + 12. Let m(o) = 3*o**2 - 5*o + 3. Is m(p) a composite number?
False
Let y(g) = -g**3 + 7*g**2 + g - 2. Let b be y(7). Suppose -86 - 14 = b*t. Is ((-30)/25)/(6/t) a prime number?
False
Suppose -4*l = -u - 577, 6*l - 3*l = 3*u + 444. Is l composite?
True
Let i(r) = 8*r**3 + r**2 - r - 1. Let a be i(-1). Let n(o) = -2*o - 9. Let m be n(a). Let b = 18 + m. Is b prime?
True
Let a(p) = -6*p - 11. Is a(-7) a prime number?
True
Let s be (2/(-3))/((-10)/135). Let d(q) = 5*q. Let l be d(s). Let b = l - 30. Is b a composite number?
True
Suppose -5*s = 3*h - h - 810, 5*s - 4*h - 810 = 0. Suppose 4*m = -3*w + 7*w - 248, -3*w + s = 5*m. Let q = w + -24. Is q a composite number?
True
Suppose 3*g + u = 464, 0*g - 309 = -2*g - u. Let r = g - 96. Is r prime?
True
Let h be -5*(4/(-5))/2. Let r(q) = q**3 - 6*q**2 + 11*q - 6. Let f be r(5). Is h*(-4)/(f/(-177)) a prime number?
True
Suppose w + 3*w = 32. Let f = w + -6. Suppose -f*h - 4*y - 2 = 6, 3*h = 3*y + 33. Is h prime?
False
Let m(h) = h + 5. Let k(l) = 2*l + 10. Let v(d) = -4*k(d) + 7*m(d). Let r be v(-10). Is 1/r - (-2120)/25 composite?
True
Let d be (-20)/(-6)*(-12)/(-10). Suppose -d*q - 119 = -3*o, 2*q - 53 = 5*q + 5*o. Is 20/2*q/(-4) prime?
False
Let z(k) = k**2 + 8*k - 10. Suppose 5*a + 17 = 5*j + 42, 0 = -5*a - 3*j - 7. Let x be 1/a - 16/(-2). Is z(x) prime?
False
Let n(w) = -w*